ate the remainder when 14666781 is divided by 152.
149
Calculate the remainder when 3468 is divided by 1734.
0
Calculate the remainder when 13614 is divided by 2269.
0
Calculate the remainder when 10924 is divided by 533.
264
Calculate the remainder when 2246 is divided by 177.
122
What is the remainder when 1152 is divided by 4?
0
Calculate the remainder when 15251 is divided by 7608.
35
Calculate the remainder when 3397 is divided by 81.
76
What is the remainder when 673263 is divided by 1?
0
Calculate the remainder when 1164 is divided by 581.
2
Calculate the remainder when 504 is divided by 232.
40
What is the remainder when 75389 is divided by 19?
16
What is the remainder when 538575 is divided by 41?
40
Calculate the remainder when 81988 is divided by 89.
19
What is the remainder when 71862 is divided by 52?
50
What is the remainder when 8245 is divided by 1017?
109
Calculate the remainder when 1552482 is divided by 5.
2
Calculate the remainder when 17620 is divided by 89.
87
Calculate the remainder when 867292 is divided by 18.
16
What is the remainder when 430 is divided by 47?
7
What is the remainder when 120189 is divided by 5463?
3
Calculate the remainder when 279379 is divided by 305.
304
Calculate the remainder when 2449 is divided by 494.
473
Calculate the remainder when 3170374 is divided by 72.
70
Calculate the remainder when 272711 is divided by 3636.
11
What is the remainder when 39873 is divided by 100?
73
What is the remainder when 458670 is divided by 352?
14
What is the remainder when 2877 is divided by 229?
129
What is the remainder when 19997 is divided by 1536?
29
Calculate the remainder when 89673 is divided by 25.
23
Calculate the remainder when 45142 is divided by 1810.
1702
Calculate the remainder when 7635 is divided by 3731.
173
Calculate the remainder when 53159 is divided by 10627.
24
What is the remainder when 112141 is divided by 163?
160
What is the remainder when 3615 is divided by 132?
51
What is the remainder when 12647 is divided by 231?
173
Calculate the remainder when 58193 is divided by 693.
674
Calculate the remainder when 383 is divided by 28.
19
Calculate the remainder when 23514 is divided by 104.
10
Calculate the remainder when 28507 is divided by 13.
11
Calculate the remainder when 7423 is divided by 3694.
35
Calculate the remainder when 8880 is divided by 2947.
39
What is the remainder when 24515 is divided by 2443?
85
Calculate the remainder when 42510 is divided by 87.
54
What is the remainder when 239472 is divided by 2280?
72
What is the remainder when 1190956 is divided by 77?
74
What is the remainder when 596 is divided by 162?
110
What is the remainder when 3931 is divided by 160?
91
What is the remainder when 23081 is divided by 296?
289
Calculate the remainder when 934 is divided by 78.
76
What is the remainder when 1923 is divided by 169?
64
What is the remainder when 10460 is divided by 616?
604
What is the remainder when 4597514 is divided by 23?
21
Calculate the remainder when 21771 is divided by 28.
15
Calculate the remainder when 18963 is divided by 136.
59
What is the remainder when 265 is divided by 88?
1
What is the remainder when 1582940 is divided by 57?
50
What is the remainder when 610425 is divided by 14?
11
Calculate the remainder when 22655 is divided by 398.
367
What is the remainder when 116614 is divided by 279?
271
Calculate the remainder when 3370 is divided by 117.
94
Calculate the remainder when 133836 is divided by 35.
31
Calculate the remainder when 87452 is divided by 473.
420
Calculate the remainder when 57634 is divided by 1067.
16
Calculate the remainder when 9335 is divided by 3110.
5
What is the remainder when 8768 is divided by 4344?
80
Calculate the remainder when 3893 is divided by 60.
53
Calculate the remainder when 2555 is divided by 604.
139
What is the remainder when 330533 is divided by 2?
1
Calculate the remainder when 313 is divided by 45.
43
Calculate the remainder when 8499 is divided by 11.
7
Calculate the remainder when 90990 is divided by 1538.
248
What is the remainder when 29261 is divided by 5851?
6
Calculate the remainder when 770 is divided by 111.
104
Calculate the remainder when 543 is divided by 262.
19
What is the remainder when 5054 is divided by 115?
109
What is the remainder when 46 is divided by 39?
7
Calculate the remainder when 4228 is divided by 1392.
52
Calculate the remainder when 183921 is divided by 131.
128
Calculate the remainder when 327947 is divided by 81977.
39
What is the remainder when 424 is divided by 213?
211
Calculate the remainder when 29522 is divided by 21.
17
Calculate the remainder when 1523 is divided by 297.
38
Calculate the remainder when 531428 is divided by 1022.
1010
What is the remainder when 6630 is divided by 510?
0
Calculate the remainder when 65960 is divided by 86.
84
What is the remainder when 3229 is divided by 59?
43
What is the remainder when 3310593 is divided by 17?
13
Calculate the remainder when 157312 is divided by 229.
218
What is the remainder when 1902 is divided by 134?
26
Calculate the remainder when 31254 is divided by 69.
66
What is the remainder when 24707 is divided by 233?
9
What is the remainder when 1754 is divided by 297?
269
Calculate the remainder when 39352 is divided by 19666.
20
Calculate the remainder when 17071 is divided by 5215.
1426
What is the remainder when 227618 is divided by 45?
8
Calculate the remainder when 2172 is divided by 547.
531
What is the remainder when 3592 is divided by 951?
739
What is the remainder when 23654 is divided by 285?
284
Calculate the remainder when 6796 is divided by 1301.
291
What is the remainder when 6870 is divided by 290?
200
Calculate the remainder when 13730 is divided by 39.
2
Calculate the remainder when 41629 is divided by 38.
19
What is the remainder when 54370 is divided by 2095?
1995
Calculate the remainder when 4213 is divided by 887.
665
Calculate the remainder when 882121 is divided by 170.
161
What is the remainder when 99869 is divided by 448?
413
What is the remainder when 227450 is divided by 787?
7
Calculate the remainder when 150796 is divided by 50259.
19
Calculate the remainder when 644685 is divided by 592.
589
Calculate the remainder when 94265 is divided by 469.
465
What is the remainder when 1241 is divided by 241?
36
Calculate the remainder when 5684 is divided by 9.
5
What is the remainder when 12913 is divided by 812?
733
What is the remainder when 2743 is divided by 1339?
65
Calculate the remainder when 678972 is divided by 113161.
6
What is the remainder when 134591 is divided by 10352?
15
Calculate the remainder when 2429 is divided by 520.
349
What is the remainder when 10958 is divided by 472?
102
What is the remainder when 128723 is divided by 37?
0
What is the remainder when 192110 is divided by 26?
22
What is the remainder when 418 is divided by 340?
78
What is the remainder when 19260 is divided by 2892?
1908
What is the remainder when 31790 is divided by 1869?
17
What is the remainder when 13134 is divided by 2185?
24
Calculate the remainder when 1563 is divided by 1063.
500
Calculate the remainder when 4188 is divided by 1014.
132
What is the remainder when 53036 is divided by 1656?
44
Calculate the remainder when 8078805 is divided by 142.
141
Calculate the remainder when 1833 is divided by 396.
249
Calculate the remainder when 421455 is divided by 105356.
31
What is the remainder when 23561 is divided by 99?
98
What is the remainder when 42961 is divided by 651?
646
What is the remainder when 361 is divided by 128?
105
What is the remainder when 553253 is divided by 1038?
1037
Calculate the remainder when 87803 is divided by 934.
7
What is the remainder when 1784 is divided by 44?
24
Calculate the remainder when 141290 is divided by 36.
26
Calculate the remainder when 414690 is divided by 140.
10
Calculate the remainder when 6269 is divided by 5753.
516
Calculate the remainder when 1026264 is divided by 210.
204
What is the remainder when 3469 is divided by 334?
129
Calculate the remainder when 102955 is divided by 21.
13
Calculate the remainder when 14202 is divided by 994.
286
What is the remainder when 4676 is divided by 300?
176
Calculate the remainder when 2510 is divided by 30